[INFO] cloning repository https://github.com/azarmadr/recall-stones
[INFO] running `Command { std: "git" "-c" "credential.helper=" "-c" "credential.helper=/workspace/cargo-home/bin/git-credential-null" "clone" "--bare" "https://github.com/azarmadr/recall-stones" "/workspace/cache/git-repos/https%3A%2F%2Fgithub.com%2Fazarmadr%2Frecall-stones", kill_on_drop: false }`
[INFO] [stderr] Cloning into bare repository '/workspace/cache/git-repos/https%3A%2F%2Fgithub.com%2Fazarmadr%2Frecall-stones'...
[INFO] running `Command { std: "git" "rev-parse" "HEAD", kill_on_drop: false }`
[INFO] [stdout] 0ba086e54ae6c260443567c60e97f2bb236e3df3
[INFO] checking azarmadr/recall-stones against master#9610dfe5a9a731ced1ea4923ecbd0c57fe367898 for beta-170-4
[INFO] running `Command { std: "git" "clone" "/workspace/cache/git-repos/https%3A%2F%2Fgithub.com%2Fazarmadr%2Frecall-stones" "/workspace/builds/worker-6-tc1/source", kill_on_drop: false }`
[INFO] [stderr] Cloning into '/workspace/builds/worker-6-tc1/source'...
[INFO] [stderr] done.
[INFO] validating manifest of git repo https://github.com/azarmadr/recall-stones on toolchain 9610dfe5a9a731ced1ea4923ecbd0c57fe367898
[INFO] running `Command { std: CARGO_HOME="/workspace/cargo-home" RUSTUP_HOME="/workspace/rustup-home" "/workspace/cargo-home/bin/cargo" "+9610dfe5a9a731ced1ea4923ecbd0c57fe367898" "metadata" "--manifest-path" "Cargo.toml" "--no-deps", kill_on_drop: false }`
[INFO] removed /workspace/builds/worker-6-tc1/source/rust-toolchain.toml
[INFO] started tweaking git repo https://github.com/azarmadr/recall-stones
[INFO] removed 0 missing examples
[INFO] finished tweaking git repo https://github.com/azarmadr/recall-stones
[INFO] tweaked toml for git repo https://github.com/azarmadr/recall-stones written to /workspace/builds/worker-6-tc1/source/Cargo.toml
[INFO] crate git repo https://github.com/azarmadr/recall-stones already has a lockfile, it will not be regenerated
[INFO] running `Command { std: CARGO_HOME="/workspace/cargo-home" RUSTUP_HOME="/workspace/rustup-home" "/workspace/cargo-home/bin/cargo" "+9610dfe5a9a731ced1ea4923ecbd0c57fe367898" "fetch" "--manifest-path" "Cargo.toml", kill_on_drop: false }`
[INFO] [stderr] warning: /workspace/builds/worker-6-tc1/source/Cargo.toml: file `/workspace/builds/worker-6-tc1/source/src/main.rs` found to be present in multiple build targets:
[INFO] [stderr]   * `bin` target `recall-stones`
[INFO] [stderr]   * `example` target `android`
[INFO] [stderr]     Updating crates.io index
[INFO] [stderr]     Updating git repository `https://github.com/azarmadr/bevy-ui-menu-plugin.git`
[INFO] [stderr]  Downloading crates ...
[INFO] [stderr]   Downloaded autodefault v2.0.0
[INFO] [stderr]   Downloaded bevy_quickmenu v0.1.5
[INFO] [stderr]   Downloaded duplicate v0.4.1
[INFO] [stderr]   Downloaded bevy_tweening v0.6.0
[INFO] [stderr]   Downloaded bevy_dylib v0.9.1
[INFO] running `Command { std: "docker" "create" "-v" "/var/lib/crater-agent-workspace/builds/worker-6-tc1/target:/opt/rustwide/target:rw,Z" "-v" "/var/lib/crater-agent-workspace/builds/worker-6-tc1/source:/opt/rustwide/workdir:ro,Z" "-v" "/var/lib/crater-agent-workspace/cargo-home:/opt/rustwide/cargo-home:ro,Z" "-v" "/var/lib/crater-agent-workspace/rustup-home:/opt/rustwide/rustup-home:ro,Z" "-e" "SOURCE_DIR=/opt/rustwide/workdir" "-e" "CARGO_TARGET_DIR=/opt/rustwide/target" "-e" "CARGO_HOME=/opt/rustwide/cargo-home" "-e" "RUSTUP_HOME=/opt/rustwide/rustup-home" "-w" "/opt/rustwide/workdir" "-m" "1610612736" "--user" "0:0" "--network" "none" "ghcr.io/rust-lang/crates-build-env/linux@sha256:19e73879b68f455e41552ea35293514db52ea292d993f571636dbffedb77a1ee" "/opt/rustwide/cargo-home/bin/cargo" "+9610dfe5a9a731ced1ea4923ecbd0c57fe367898" "metadata" "--no-deps" "--format-version=1", kill_on_drop: false }`
[INFO] [stdout] 55553e2b7dbbec6b0abfc64a45a422557e4f48fdcd7fd696c50c3371806c4d04
[INFO] running `Command { std: "docker" "start" "-a" "55553e2b7dbbec6b0abfc64a45a422557e4f48fdcd7fd696c50c3371806c4d04", kill_on_drop: false }`
[INFO] running `Command { std: "docker" "inspect" "55553e2b7dbbec6b0abfc64a45a422557e4f48fdcd7fd696c50c3371806c4d04", kill_on_drop: false }`
[INFO] running `Command { std: "docker" "rm" "-f" "55553e2b7dbbec6b0abfc64a45a422557e4f48fdcd7fd696c50c3371806c4d04", kill_on_drop: false }`
[INFO] [stdout] 55553e2b7dbbec6b0abfc64a45a422557e4f48fdcd7fd696c50c3371806c4d04
[INFO] running `Command { std: "docker" "create" "-v" "/var/lib/crater-agent-workspace/builds/worker-6-tc1/target:/opt/rustwide/target:rw,Z" "-v" "/var/lib/crater-agent-workspace/builds/worker-6-tc1/source:/opt/rustwide/workdir:ro,Z" "-v" "/var/lib/crater-agent-workspace/cargo-home:/opt/rustwide/cargo-home:ro,Z" "-v" "/var/lib/crater-agent-workspace/rustup-home:/opt/rustwide/rustup-home:ro,Z" "-e" "SOURCE_DIR=/opt/rustwide/workdir" "-e" "CARGO_TARGET_DIR=/opt/rustwide/target" "-e" "CARGO_INCREMENTAL=0" "-e" "RUST_BACKTRACE=full" "-e" "RUSTFLAGS=--cap-lints=forbid" "-e" "RUSTDOCFLAGS=--cap-lints=forbid" "-e" "CARGO_HOME=/opt/rustwide/cargo-home" "-e" "RUSTUP_HOME=/opt/rustwide/rustup-home" "-w" "/opt/rustwide/workdir" "-m" "1610612736" "--user" "0:0" "--network" "none" "ghcr.io/rust-lang/crates-build-env/linux@sha256:19e73879b68f455e41552ea35293514db52ea292d993f571636dbffedb77a1ee" "/opt/rustwide/cargo-home/bin/cargo" "+9610dfe5a9a731ced1ea4923ecbd0c57fe367898" "check" "--frozen" "--all" "--all-targets" "--message-format=json", kill_on_drop: false }`
[INFO] [stdout] 4f0c9c0cde3cc95565041d1538dac60e442a4bcd5be999157d4c291a1b4696c0
[INFO] running `Command { std: "docker" "start" "-a" "4f0c9c0cde3cc95565041d1538dac60e442a4bcd5be999157d4c291a1b4696c0", kill_on_drop: false }`
[INFO] [stderr] warning: /opt/rustwide/workdir/Cargo.toml: file `/opt/rustwide/workdir/src/main.rs` found to be present in multiple build targets:
[INFO] [stderr]   * `bin` target `recall-stones`
[INFO] [stderr]   * `example` target `android`
[INFO] [stderr]    Compiling proc-macro2 v1.0.50
[INFO] [stderr]    Compiling unicode-ident v1.0.6
[INFO] [stderr]    Compiling quote v1.0.23
[INFO] [stderr]    Compiling syn v1.0.107
[INFO] [stderr]     Checking cfg-if v1.0.0
[INFO] [stderr]    Compiling autocfg v1.1.0
[INFO] [stderr]    Compiling serde_derive v1.0.152
[INFO] [stderr]    Compiling serde v1.0.152
[INFO] [stderr]    Compiling libc v0.2.139
[INFO] [stderr]    Compiling version_check v0.9.4
[INFO] [stderr]     Checking once_cell v1.17.0
[INFO] [stderr]    Compiling memchr v2.5.0
[INFO] [stderr]    Compiling parking_lot_core v0.9.6
[INFO] [stderr]     Checking pin-project-lite v0.2.9
[INFO] [stderr]    Compiling thiserror v1.0.38
[INFO] [stderr]     Checking scopeguard v1.1.0
[INFO] [stderr]    Compiling crossbeam-utils v0.8.14
[INFO] [stderr]     Checking byteorder v1.4.3
[INFO] [stderr]    Compiling futures-core v0.3.25
[INFO] [stderr]     Checking tracing-core v0.1.30
[INFO] [stderr]     Checking fixedbitset v0.4.2
[INFO] [stderr]    Compiling log v0.4.17
[INFO] [stderr]     Checking futures-io v0.3.25
[INFO] [stderr]     Checking waker-fn v1.1.0
[INFO] [stderr]     Checking fastrand v1.8.0
[INFO] [stderr]     Checking event-listener v2.5.3
[INFO] [stderr]     Checking parking v2.0.0
[INFO] [stderr]     Checking fxhash v0.2.1
[INFO] [stderr]     Checking instant v0.1.12
[INFO] [stderr]    Compiling bit-vec v0.6.3
[INFO] [stderr]    Compiling erased-serde v0.3.24
[INFO] [stderr]     Checking async-task v4.3.0
[INFO] [stderr]     Checking bitflags v1.3.2
[INFO] [stderr]     Checking cache-padded v1.2.0
[INFO] [stderr]     Checking thread_local v1.1.4
[INFO] [stderr]     Checking bevy_ptr v0.9.1
[INFO] [stderr]     Checking concurrent-queue v1.2.4
[INFO] [stderr]     Checking tracing v0.1.37
[INFO] [stderr]     Checking downcast-rs v1.2.0
[INFO] [stderr]    Compiling bit-set v0.5.3
[INFO] [stderr]     Checking lazy_static v1.4.0
[INFO] [stderr]     Checking regex-syntax v0.6.28
[INFO] [stderr]     Checking cty v0.2.2
[INFO] [stderr]     Checking overload v0.1.1
[INFO] [stderr]     Checking sharded-slab v0.1.4
[INFO] [stderr]     Checking raw-window-handle v0.5.0
[INFO] [stderr]     Checking nu-ansi-term v0.46.0
[INFO] [stderr]     Checking concurrent-queue v2.1.0
[INFO] [stderr]     Checking libloading v0.7.4
[INFO] [stderr]     Checking futures-lite v1.12.0
[INFO] [stderr]     Checking aho-corasick v0.7.20
[INFO] [stderr]     Checking tracing-log v0.1.3
[INFO] [stderr]     Checking unicode-width v0.1.10
[INFO] [stderr]     Checking async-channel v1.8.0
[INFO] [stderr]     Checking termcolor v1.2.0
[INFO] [stderr]     Checking unicode-xid v0.2.4
[INFO] [stderr]    Compiling crc32fast v1.3.2
[INFO] [stderr]    Compiling ash v0.37.2+1.3.238
[INFO] [stderr]    Compiling lock_api v0.4.9
[INFO] [stderr]    Compiling slab v0.4.7
[INFO] [stderr]    Compiling ahash v0.7.6
[INFO] [stderr]    Compiling num-traits v0.2.15
[INFO] [stderr]     Checking getrandom v0.2.8
[INFO] [stderr]    Compiling indexmap v1.9.2
[INFO] [stderr]    Compiling khronos-egl v4.1.0
[INFO] [stderr]    Compiling uuid v1.2.2
[INFO] [stderr]     Checking codespan-reporting v0.11.1
[INFO] [stderr]    Compiling num-integer v0.1.45
[INFO] [stderr]     Checking pp-rs v0.2.1
[INFO] [stderr]     Checking async-lock v2.6.0
[INFO] [stderr]     Checking gpu-alloc-types v0.2.0
[INFO] [stderr]     Checking gpu-descriptor-types v0.1.1
[INFO] [stderr]     Checking rustc-hash v1.1.0
[INFO] [stderr]     Checking adler v1.0.2
[INFO] [stderr]     Checking arrayvec v0.7.2
[INFO] [stderr]    Compiling cfg_aliases v0.1.1
[INFO] [stderr]     Checking hexf-parse v0.2.1
[INFO] [stderr]     Checking gpu-alloc v0.5.3
[INFO] [stderr]    Compiling wgpu-core v0.14.2
[INFO] [stderr]     Checking miniz_oxide v0.6.2
[INFO] [stderr]     Checking async-executor v1.5.0
[INFO] [stderr]    Compiling num-rational v0.4.1
[INFO] [stderr]     Checking crossbeam-channel v0.5.6
[INFO] [stderr]     Checking wgpu-types v0.14.1
[INFO] [stderr]     Checking bevy_tasks v0.9.1
[INFO] [stderr]     Checking profiling v1.0.7
[INFO] [stderr]     Checking glow v0.11.2
[INFO] [stderr]     Checking renderdoc-sys v0.7.1
[INFO] [stderr]    Compiling anyhow v1.0.68
[INFO] [stderr]     Checking color_quant v1.1.0
[INFO] [stderr]     Checking const_panic v0.2.7
[INFO] [stderr]     Checking flate2 v1.0.25
[INFO] [stderr]     Checking static_assertions v1.1.0
[INFO] [stderr]     Checking ttf-parser v0.18.1
[INFO] [stderr]     Checking hex v0.4.3
[INFO] [stderr]    Compiling pkg-config v0.3.26
[INFO] [stderr]    Compiling typenum v1.16.0
[INFO] [stderr]     Checking svg_fmt v0.4.1
[INFO] [stderr]     Checking radsort v0.1.0
[INFO] [stderr]     Checking ab_glyph_rasterizer v0.1.8
[INFO] [stderr]     Checking spirv v0.2.0+1.5.4
[INFO] [stderr]     Checking regex-automata v0.1.10
[INFO] [stderr]     Checking regex v1.7.1
[INFO] [stderr]     Checking png v0.17.7
[INFO] [stderr]     Checking approx v0.5.1
[INFO] [stderr]     Checking euclid v0.22.7
[INFO] [stderr]     Checking xi-unicode v0.3.0
[INFO] [stderr]     Checking rectangle-pack v0.4.2
[INFO] [stderr]     Checking mio v0.8.5
[INFO] [stderr]     Checking raw-window-handle v0.4.3
[INFO] [stderr]     Checking hash32 v0.2.1
[INFO] [stderr]     Checking matchers v0.1.0
[INFO] [stderr]     Checking percent-encoding v2.2.0
[INFO] [stderr]    Compiling proc-macro-error-attr v1.0.4
[INFO] [stderr]    Compiling proc-macro-error v1.0.4
[INFO] [stderr]     Checking rand_core v0.6.4
[INFO] [stderr]     Checking ppv-lite86 v0.2.17
[INFO] [stderr]    Compiling heck v0.4.0
[INFO] [stderr]     Checking interpolation v0.2.0
[INFO] [stderr]     Checking guillotiere v0.6.2
[INFO] [stderr]     Checking rand_chacha v0.3.1
[INFO] [stderr]     Checking rand v0.8.5
[INFO] [stderr]    Compiling toml v0.5.10
[INFO] [stderr]    Compiling x11-dl v2.20.1
[INFO] [stderr]     Checking owned_ttf_parser v0.18.0
[INFO] [stderr]    Compiling encase_derive_impl v0.4.1
[INFO] [stderr]     Checking ab_glyph v0.2.19
[INFO] [stderr]     Checking glyph_brush_layout v0.2.3
[INFO] [stderr]    Compiling bevy_macro_utils v0.9.1
[INFO] [stderr]    Compiling bytemuck_derive v1.3.0
[INFO] [stderr]    Compiling thiserror-impl v1.0.38
[INFO] [stderr]    Compiling bevy_reflect_derive v0.9.1
[INFO] [stderr]    Compiling bevy_ecs_macros v0.9.1
[INFO] [stderr]    Compiling bevy_derive v0.9.1
[INFO] [stderr]    Compiling encase_derive v0.4.1
[INFO] [stderr]    Compiling bevy_render_macros v0.9.1
[INFO] [stderr]    Compiling bevy_encase_derive v0.9.1
[INFO] [stderr]    Compiling hash32-derive v0.1.1
[INFO] [stderr]    Compiling duplicate v0.4.1
[INFO] [stderr]    Compiling enum_dispatch v0.3.11
[INFO] [stderr]    Compiling autodefault v2.0.0
[INFO] [stderr]     Checking taffy v0.1.0
[INFO] [stderr]     Checking bytemuck v1.12.3
[INFO] [stderr]     Checking image v0.24.5
[INFO] [stderr]     Checking hashbrown v0.12.3
[INFO] [stderr]     Checking smallvec v1.10.0
[INFO] [stderr]     Checking glam v0.22.0
[INFO] [stderr]     Checking tracing-subscriber v0.3.16
[INFO] [stderr]     Checking parking_lot v0.12.1
[INFO] [stderr]     Checking winit v0.27.5
[INFO] [stderr]     Checking bevy_utils v0.9.1
[INFO] [stderr]     Checking gpu-descriptor v0.2.3
[INFO] [stderr]     Checking petgraph v0.6.2
[INFO] [stderr]     Checking bevy_math v0.9.1
[INFO] [stderr]     Checking hexasphere v8.0.0
[INFO] [stderr]     Checking bevy_mikktspace v0.9.1
[INFO] [stderr]     Checking encase v0.4.1
[INFO] [stderr]     Checking bevy_reflect v0.9.1
[INFO] [stderr]     Checking naga v0.10.0
[INFO] [stderr]     Checking bevy_ecs v0.9.1
[INFO] [stderr]     Checking wgpu-hal v0.14.1
[INFO] [stderr]     Checking bevy_app v0.9.1
[INFO] [stderr]     Checking bevy_core v0.9.1
[INFO] [stderr]     Checking bevy_log v0.9.1
[INFO] [stderr]     Checking bevy_time v0.9.1
[INFO] [stderr]     Checking bevy_input v0.9.1
[INFO] [stderr]     Checking bevy_hierarchy v0.9.1
[INFO] [stderr]     Checking bevy_diagnostic v0.9.1
[INFO] [stderr]     Checking bevy_transform v0.9.1
[INFO] [stderr]     Checking bevy_asset v0.9.1
[INFO] [stderr]     Checking bevy_window v0.9.1
[INFO] [stderr]     Checking bevy_winit v0.9.1
[INFO] [stderr]     Checking wgpu v0.14.2
[INFO] [stderr]     Checking bevy_render v0.9.1
[INFO] [stderr]     Checking bevy_core_pipeline v0.9.1
[INFO] [stderr]     Checking bevy_sprite v0.9.1
[INFO] [stderr]     Checking bevy_text v0.9.1
[INFO] [stderr]     Checking bevy_ui v0.9.1
[INFO] [stderr]     Checking bevy_internal v0.9.1
[INFO] [stderr]     Checking bevy_dylib v0.9.1
[INFO] [stderr]     Checking bevy v0.9.1
[INFO] [stderr]     Checking bevy_tweening v0.6.0
[INFO] [stderr]     Checking bevy_quickmenu v0.1.5
[INFO] [stderr]     Checking menu-plugin v0.1.0 (https://github.com/azarmadr/bevy-ui-menu-plugin.git#a6c8b9e0)
[INFO] [stderr]     Checking memory v0.1.0 (/opt/rustwide/workdir/memory)
[INFO] [stdout] warning: private item shadows public glob re-export
[INFO] [stdout]   --> memory/src/lib.rs:11:21
[INFO] [stdout]    |
[INFO] [stdout] 11 |     {components::*, deck::Deck, tween::*},
[INFO] [stdout]    |                     ^^^^^^^^^^ but the private item here shadows it
[INFO] [stdout] 12 | };
[INFO] [stdout] 13 | pub use {components::Player, resources::*};
[INFO] [stdout]    |                              ------------ the name `Deck` in the type namespace is supposed to be publicly re-exported here
[INFO] [stdout]    |
[INFO] [stdout]    = note: `#[warn(hidden_glob_reexports)]` on by default
[INFO] [stdout] 
[INFO] [stdout] 
[INFO] [stdout] warning: private item shadows public glob re-export
[INFO] [stdout]   --> memory/src/lib.rs:11:21
[INFO] [stdout]    |
[INFO] [stdout] 11 |     {components::*, deck::Deck, tween::*},
[INFO] [stdout]    |                     ^^^^^^^^^^ but the private item here shadows it
[INFO] [stdout] 12 | };
[INFO] [stdout] 13 | pub use {components::Player, resources::*};
[INFO] [stdout]    |                              ------------ the name `Deck` in the type namespace is supposed to be publicly re-exported here
[INFO] [stdout]    |
[INFO] [stdout]    = note: `#[warn(hidden_glob_reexports)]` on by default
[INFO] [stdout] 
[INFO] [stdout] 
[INFO] [stdout] warning: variable does not need to be mutable
[INFO] [stdout]    --> memory/src/resources/assets.rs:138:35
[INFO] [stdout]     |
[INFO] [stdout] 138 |     pub fn flip_card_color(&self, mut color: &mut BackgroundColor, visibility: bool) {
[INFO] [stdout]     |                                   ----^^^^^
[INFO] [stdout]     |                                   |
[INFO] [stdout]     |                                   help: remove this `mut`
[INFO] [stdout]     |
[INFO] [stdout]     = note: `#[warn(unused_mut)]` on by default
[INFO] [stdout] 
[INFO] [stdout] 
[INFO] [stdout] warning: variable does not need to be mutable
[INFO] [stdout]    --> memory/src/resources/assets.rs:138:35
[INFO] [stdout]     |
[INFO] [stdout] 138 |     pub fn flip_card_color(&self, mut color: &mut BackgroundColor, visibility: bool) {
[INFO] [stdout]     |                                   ----^^^^^
[INFO] [stdout]     |                                   |
[INFO] [stdout]     |                                   help: remove this `mut`
[INFO] [stdout]     |
[INFO] [stdout]     = note: `#[warn(unused_mut)]` on by default
[INFO] [stdout] 
[INFO] [stdout] 
[INFO] [stdout] warning: 2 warnings emitted
[INFO] [stdout] 
[INFO] [stdout] 
[INFO] [stdout] warning: 2 warnings emitted
[INFO] [stdout] 
[INFO] [stdout] 
[INFO] [stderr]     Checking recall-stones v0.6.1 (/opt/rustwide/workdir)
[INFO] [stdout] error[E0277]: the trait bound `bevy::prelude::WindowDescriptor: Resource` is not satisfied
[INFO] [stdout]    --> src/xp.rs:43:25
[INFO] [stdout]     |
[INFO] [stdout] 43  |       app.insert_resource(WindowDescriptor {
[INFO] [stdout]     |  _________---------------_^
[INFO] [stdout]     | |         |
[INFO] [stdout]     | |         required by a bound introduced by this call
[INFO] [stdout] 44  | |         title: "Menu Plugin Example - Bevy".to_string(),
[INFO] [stdout] 45  | |         width: 1080.,
[INFO] [stdout] 46  | |         height: 720.,
[INFO] [stdout] 47  | |         ..Default::default()
[INFO] [stdout] 48  | |     })
[INFO] [stdout]     | |_____^ the trait `Resource` is not implemented for `bevy::prelude::WindowDescriptor`
[INFO] [stdout]     |
[INFO] [stdout]     = help: the following other types implement trait `Resource`:
[INFO] [stdout]               AppTypeRegistry
[INFO] [stdout]               AssetServer
[INFO] [stdout]               Assets<T>
[INFO] [stdout]               Axis<T>
[INFO] [stdout]               ClearColor
[INFO] [stdout]               ComponentUniforms<C>
[INFO] [stdout]               DefaultImageSampler
[INFO] [stdout]               Diagnostics
[INFO] [stdout]             and 67 others
[INFO] [stdout] note: required by a bound in `bevy::prelude::App::insert_resource`
[INFO] [stdout]    --> /opt/rustwide/cargo-home/registry/src/index.crates.io-6f17d22bba15001f/bevy_app-0.9.1/src/app.rs:705:31
[INFO] [stdout]     |
[INFO] [stdout] 705 |     pub fn insert_resource<R: Resource>(&mut self, resource: R) -> &mut Self {
[INFO] [stdout]     |                               ^^^^^^^^ required by this bound in `App::insert_resource`
[INFO] [stdout] 
[INFO] [stdout] 
[INFO] [stdout] error[E0277]: the trait bound `A: Resource` is not satisfied
[INFO] [stdout]    --> src/xp.rs:49:22
[INFO] [stdout]     |
[INFO] [stdout] 49  |     .insert_resource(A(8u8, 1))
[INFO] [stdout]     |      --------------- ^^^^^^^^^ the trait `Resource` is not implemented for `A`
[INFO] [stdout]     |      |
[INFO] [stdout]     |      required by a bound introduced by this call
[INFO] [stdout]     |
[INFO] [stdout]     = help: the following other types implement trait `Resource`:
[INFO] [stdout]               AppTypeRegistry
[INFO] [stdout]               AssetServer
[INFO] [stdout]               Assets<T>
[INFO] [stdout]               Axis<T>
[INFO] [stdout]               ClearColor
[INFO] [stdout]               ComponentUniforms<C>
[INFO] [stdout]               DefaultImageSampler
[INFO] [stdout]               Diagnostics
[INFO] [stdout]             and 67 others
[INFO] [stdout] note: required by a bound in `bevy::prelude::App::insert_resource`
[INFO] [stdout]    --> /opt/rustwide/cargo-home/registry/src/index.crates.io-6f17d22bba15001f/bevy_app-0.9.1/src/app.rs:705:31
[INFO] [stdout]     |
[INFO] [stdout] 705 |     pub fn insert_resource<R: Resource>(&mut self, resource: R) -> &mut Self {
[INFO] [stdout]     |                               ^^^^^^^^ required by this bound in `App::insert_resource`
[INFO] [stdout] 
[INFO] [stdout] 
[INFO] [stdout] error[E0277]: the trait bound `A: Resource` is not satisfied
[INFO] [stdout]    --> src/xp.rs:52:33
[INFO] [stdout]     |
[INFO] [stdout] 52  |     .add_plugin(MenuPlugin::<A>(std::marker::PhantomData))
[INFO] [stdout]     |      ----------                 ^^^^^^^^^^^^^^^^^^^^^^^^ the trait `Resource` is not implemented for `A`
[INFO] [stdout]     |      |
[INFO] [stdout]     |      required by a bound introduced by this call
[INFO] [stdout]     |
[INFO] [stdout]     = help: the following other types implement trait `Resource`:
[INFO] [stdout]               AppTypeRegistry
[INFO] [stdout]               AssetServer
[INFO] [stdout]               Assets<T>
[INFO] [stdout]               Axis<T>
[INFO] [stdout]               ClearColor
[INFO] [stdout]               ComponentUniforms<C>
[INFO] [stdout]               DefaultImageSampler
[INFO] [stdout]               Diagnostics
[INFO] [stdout]             and 67 others
[INFO] [stdout]     = note: required for `menu_plugin::MenuPlugin<A>` to implement `Plugin`
[INFO] [stdout] note: required by a bound in `bevy::prelude::App::add_plugin`
[INFO] [stdout]    --> /opt/rustwide/cargo-home/registry/src/index.crates.io-6f17d22bba15001f/bevy_app-0.9.1/src/app.rs:837:12
[INFO] [stdout]     |
[INFO] [stdout] 835 |     pub fn add_plugin<T>(&mut self, plugin: T) -> &mut Self
[INFO] [stdout]     |            ---------- required by a bound in this associated function
[INFO] [stdout] 836 |     where
[INFO] [stdout] 837 |         T: Plugin,
[INFO] [stdout]     |            ^^^^^^ required by this bound in `App::add_plugin`
[INFO] [stdout] 
[INFO] [stdout] 
[INFO] [stdout] error: aborting due to 3 previous errors
[INFO] [stdout] 
[INFO] [stdout] 
[INFO] [stdout] For more information about this error, try `rustc --explain E0277`.
[INFO] [stdout] 
[INFO] [stderr] error: could not compile `recall-stones` (example "xp") due to 4 previous errors
[INFO] [stderr] warning: build failed, waiting for other jobs to finish...
[INFO] running `Command { std: "docker" "inspect" "4f0c9c0cde3cc95565041d1538dac60e442a4bcd5be999157d4c291a1b4696c0", kill_on_drop: false }`
[INFO] running `Command { std: "docker" "rm" "-f" "4f0c9c0cde3cc95565041d1538dac60e442a4bcd5be999157d4c291a1b4696c0", kill_on_drop: false }`
[INFO] [stdout] 4f0c9c0cde3cc95565041d1538dac60e442a4bcd5be999157d4c291a1b4696c0
